657
What are the prime factors of 1353132186?
2, 3, 7, 1277, 25229
List the prime factors of 8128719.
3, 71, 12721
List the prime factors of 81504081.
3, 37, 311, 787
What are the prime factors of 194745727?
11, 17, 1041421
List the prime factors of 199131952.
2, 337, 36931
List the prime factors of 38708978.
2, 7, 11, 157, 1601
List the prime factors of 23092773.
3, 11, 37, 18913
List the prime factors of 8646589231.
7, 6421, 192373
List the prime factors of 573451313.
7451, 76963
What are the prime factors of 229068235?
5, 11, 4164877
List the prime factors of 63844796.
2, 61, 233, 1123
List the prime factors of 460956430.
2, 5, 11, 4190513
What are the prime factors of 447085481?
151, 839, 3529
What are the prime factors of 310008833?
59, 113, 46499
What are the prime factors of 1145559?
3, 381853
What are the prime factors of 6211038?
2, 3, 109, 9497
What are the prime factors of 511081821?
3, 56786869
What are the prime factors of 71153964?
2, 3, 7, 137, 229
What are the prime factors of 89604204?
2, 3, 727, 10271
List the prime factors of 62978333.
11, 647, 8849
What are the prime factors of 171885251?
47, 61, 167, 359
List the prime factors of 34828719.
3, 1531, 7583
What are the prime factors of 5154701196?
2, 3, 43, 223, 44797
What are the prime factors of 836171076?
2, 3, 13, 19, 79, 3571
What are the prime factors of 294375047?
294375047
What are the prime factors of 104885800?
2, 5, 524429
List the prime factors of 45870780.
2, 3, 5, 61, 83, 151
What are the prime factors of 290692271?
79, 3679649
What are the prime factors of 2856330148?
2, 7, 14573113
What are the prime factors of 371396432?
2, 11, 191837
List the prime factors of 1448800217.
19, 4013297
What are the prime factors of 144289334?
2, 7, 487, 21163
What are the prime factors of 17336546?
2, 8668273
List the prime factors of 548632216.
2, 11, 1031, 6047
What are the prime factors of 234708768?
2, 3, 7, 116423
List the prime factors of 2424273802.
2, 19, 953, 66943
What are the prime factors of 166155363?
3, 11, 1678337
What are the prime factors of 523441768?
2, 149, 157, 2797
List the prime factors of 110817981.
3, 12313109
What are the prime factors of 317492641?
19, 419, 2099
List the prime factors of 32896958.
2, 311, 52889
List the prime factors of 88690884.
2, 3, 7390907
What are the prime factors of 23693330?
2, 5, 109, 21737
List the prime factors of 10395964.
2, 19, 37, 3697
What are the prime factors of 4221982418?
2, 2110991209
What are the prime factors of 1796516891?
13, 619, 223253
List the prime factors of 269245232.
2, 16827827
What are the prime factors of 115842480?
2, 3, 5, 13, 107, 347
List the prime factors of 79343315.
5, 15868663
What are the prime factors of 365149850?
2, 5, 13, 79, 547
List the prime factors of 1977268942.
2, 11, 89875861
What are the prime factors of 81526484?
2, 13, 313, 5009
What are the prime factors of 19854948?
2, 3, 1654579
What are the prime factors of 135273358?
2, 11, 6148789
List the prime factors of 440477463.
3, 17, 101, 85513
List the prime factors of 100107572.
2, 25026893
What are the prime factors of 93397604?
2, 409, 57089
What are the prime factors of 34313849?
67, 512147
List the prime factors of 169373011.
19, 59, 151091
What are the prime factors of 1402754306?
2, 19, 1942873
What are the prime factors of 266682558?
2, 3, 44447093
What are the prime factors of 895797628?
2, 11, 47, 71, 6101
List the prime factors of 43173924.
2, 3, 29, 97, 1279
List the prime factors of 4766623565.
5, 11, 86665883
What are the prime factors of 570916587?
3, 2719, 69991
List the prime factors of 6417239.
47, 136537
List the prime factors of 301810079.
19, 31, 149, 181
List the prime factors of 2786781074.
2, 7, 11, 18095981
What are the prime factors of 897445573?
897445573
What are the prime factors of 19533012?
2, 3, 47, 59, 587
What are the prime factors of 19201576?
2, 2400197
What are the prime factors of 1023240040?
2, 5, 43, 367, 1621
List the prime factors of 9057925.
5, 41, 8837
List the prime factors of 1435578688.
2, 37, 606241
List the prime factors of 979506631.
4903, 199777
What are the prime factors of 1680435767?
1680435767
List the prime factors of 561256030.
2, 5, 2027, 27689
List the prime factors of 54363635.
5, 71, 153137
What are the prime factors of 285561775?
5, 11422471
What are the prime factors of 129302154?
2, 3, 7183453
List the prime factors of 39295824.
2, 3, 181, 4523
List the prime factors of 393500117.
393500117
List the prime factors of 112101629.
112101629
What are the prime factors of 1558116158?
2, 71, 10972649
What are the prime factors of 166257740?
2, 5, 11, 755717
What are the prime factors of 2516046764?
2, 7, 11, 8168983
What are the prime factors of 83230510?
2, 5, 11, 756641
List the prime factors of 24126625.
5, 193013
List the prime factors of 35587952.
2, 2224247
What are the prime factors of 17648796?
2, 3, 11, 19, 31, 227
What are the prime factors of 2397967429?
11, 13, 151, 111053
List the prime factors of 6153640.
2, 5, 153841
List the prime factors of 2238849555.
3, 5, 23, 67, 96857
List the prime factors of 1169416809.
3, 11, 11812291
List the prime factors of 499268263.
13, 19, 29, 47, 1483
What are the prime factors of 4982947595?
5, 31, 32148049
List the prime factors of 2302712928.
2, 3, 2665177
List the prime factors of 732199315.
5, 223, 656681
What are the prime factors of 2131743629?
29, 109, 283, 2383
What are the prime factors of 692102564?
2, 163, 271, 3917
List the prime factors of 1262415982.
2, 109, 5790899
What are the prime factors of 580824103?
580824103
List the prime factors of 2809449431.
31, 101, 897301
What are the prime factors of 21938699?
21938699
What are the prime factors of 60977840?
2, 5, 7, 11, 19, 521
List the prime factors of 104726522.
2, 163, 321247
What are the prime factors of 4256002904?
2, 17, 31294139
List the prime factors of 141719640.
2, 3, 5, 1180997
What are the prime factors of 23291565?
3, 5, 11, 141161
List the prime factors of 29773365.
3, 5, 1984891
List the prime factors of 2217405581.
2217405581
What are the prime factors of 1302873564?
2, 3, 41, 883, 2999
List the prime factors of 280251474.
2, 3, 46708579
List the prime factors of 17968317.
3, 5989439
List the prime factors of 35080125.
3, 5, 139, 673
What are the prime factors of 3227174?
2, 1613587
What are the prime factors of 92191863?
3, 47, 197, 3319
What are the prime factors of 85282522?
2, 13, 1373, 2389
List the prime factors of 36000757.
13, 2769289
List the prime factors of 177976580.
2, 5, 31, 287059
List the prime factors of 3687643669.
283, 13030543
List the prime factors of 14870805.
3, 5, 991387
List the prime factors of 29276712.
2, 3, 149, 2729
What are the prime factors of 226146759?
3, 19, 3967487
List the prime factors of 54291135.
3, 5, 569, 6361
List the prime factors of 21157186.
2, 503, 21031
List the prime factors of 1524808.
2, 23, 8287
What are the prime factors of 3115423574?
2, 3203, 486329
List the prime factors of 44941368.
2, 3, 1872557
What are the prime factors of 64607674?
2, 569, 56773
What are the prime factors of 622410617?
127, 223, 21977
List the prime factors of 860526058.
2, 7, 1129, 54443
What are the prime factors of 271966281?
3, 71, 251, 5087
List the prime factors of 1321606702.
2, 13, 3910079
What are the prime factors of 2425927452?
2, 3, 13, 15550817
List the prime factors of 12022782.
2, 3, 19, 263, 401
List the prime factors of 244903850.
2, 5, 71, 149, 463
What are the prime factors of 103434359?
7, 761, 19417
What are the prime factors of 2309387371?
45833, 50387
What are the prime factors of 451474924?
2, 73, 1546147
List the prime factors of 63358041.
3, 1931, 10937
List the prime factors of 13894400.
2, 5, 13, 167
What are the prime factors of 62639932?
2, 15659983
List the prime factors of 3031157505.
3, 5, 43, 479, 9811
List the prime factors of 265340501.
31, 8559371
What are the prime factors of 314956912?
2, 19684807
What are the prime factors of 163875127?
13, 12605779
List the prime factors of 429178457.
71, 6044767
What are the prime factors of 308545746?
2, 3, 41, 1254251
What are the prime factors of 458334391?
458334391
List the prime factors of 3850926990.
2, 3, 5, 101, 1270933
What are the 